 3*j**2/2 - 4. Let o be l(2). Let g = -1 + o. What is s(g)?
0
Let x = -9 - -13. Let b(n) = -8*n - x + 2 + n**3 - 4 + 4*n**2 + 3*n. Determine b(-5).
-6
Suppose -p + 30 = 3*b, -b = 2*b + 4*p - 39. Let j(f) = 6*f + 1. Let x(g) = -13*g - 3. Let h(v) = b*j(v) + 4*x(v). Let l = -3 - -8. What is h(l)?
7
Let g(v) = v**3 + 3*v**2 - 2*v - 2. Let z be g(-2). Let n be (20/z)/(6/9). Suppose n*j + 12 + 13 = 0. Let c(a) = a**3 + 5*a**2 - 2*a - 6. Determine c(j).
4
Let c(v) = 2*v + v - 2*v**3 + 4 - 5. Let p = 8 - 6. Suppose -2*y = -k + 8 - p, -4*y - 18 = -5*k. Determine c(k).
-11
Let h(u) = -2*u**3 - 2*u**2 + 5*u - 11. Let q(r) = 2*r - 2*r - r**3 - 6 - r**2 - 2*r + 5*r. Let j(g) = -3*h(g) + 5*q(g). Give j(0).
3
Let o(t) = t**2 + 6*t + 4. Let z = -9 + 15. Let y(f) = f**2 - 7*f + 1. Let u be y(z). What is o(u)?
-1
Let b(j) be the first derivative of 2*j**2 - 15. What is b(-3)?
-12
Let r(q) be the first derivative of 3*q**5/20 - q**3/6 - 2*q - 1. Let g(l) be the first derivative of r(l). Calculate g(-1).
-2
Let k(a) = a**3 - a**2 - 2*a. Let g = -3 + -8. Let i = 13 + g. Determine k(i).
0
Suppose 3*v = -1 + 7. Suppose -6 = -v*k - 0*k. Suppose -k*r + 5*c + 26 = 0, 2*r + 2*c - 4*c - 12 = 0. Let b(z) = 2*z**2 - 2*z + 2. Determine b(r).
6
Let z be (-10)/8*-4*1. Let p(h) be the third derivative of -h**5/60 + h**4/8 + h**3/3 + 9*h**2. Calculate p(z).
-8
Let i(v) = 6*v + 2 + 2 + 1 + v**2. Let y(x) = x**3 - 8*x**2 - 7*x - 10. Let n be y(9). Suppose c - n = 3*c. Determine i(c).
-3
Let y = 46 + -14. Suppose 0 = -5*m + 3*l + y, -24 = 3*m - 5*m + 4*l. Let q(w) = w**3 - 5*w**2 + 5*w + 4. What is q(m)?
8
Let w(q) = -5*q - q**2 - 1 + q**2 + q**2. Let s(h) = h - 9. Let d be s(14). Suppose d*k - 11 = 14. Determine w(k).
-1
Let l(d) = d**3 + 5*d**2 + 7*d + 6. Let x be l(-4). Let s(q) = q**3 + 5*q**2 - 5*q + 7. Determine s(x).
1
Let g(m) = -4*m**2 - 5*m + 4. Let f(h) = 3*h**2 + 5*h - 5. Let w(j) = 3*f(j) + 2*g(j). Determine w(-5).
-7
Suppose -z + 3 = 0, -r - z = 3*z - 12. Suppose -2*c - 8 = r, -4*j = -2*c + 3*c. Let d = j - -3. Let n(s) = -2*s + 2. Calculate n(d).
-6
Let q(b) = b**3 - 2*b**2 + 4*b - 3. Let w be -3*3/((-18)/4). Determine q(w).
5
Let k(c) = 10*c**3 + 5*c**2 + 14*c - 3. Let s(z) = 7*z**3 + 3*z**2 + 9*z - 2. Let r(u) = -5*k(u) + 8*s(u). Calculate r(1).
6
Let j(q) be the second derivative of 0 - 1/12*q**4 - 3*q + 1/6*q**3 + 2*q**2. Let i be 0*2*1/(-2). Give j(i).
4
Suppose 13 = -v - 4*l, -v - 2*l - 7 = -0*v. Let j(q) = 4*q**3 + q**2 + q + 1. Calculate j(v).
-3
Let j(s) = -s + 4. Let b be 1 - (-8 + 3 + 1). Give j(b).
-1
Let m(r) = -r + 5*r**3 + 18*r**2 - r**2 - 1 - 16*r**2. Let y(u) = -u**2 - 2*u + 2. Let x be y(-3). Determine m(x).
-4
Let b(k) = 4*k**2 + 10*k + 9. Let a(v) = 7*v**2 + 19*v + 18. Let r(t) = 3*a(t) - 5*b(t). What is r(-6)?
3
Suppose 0 = -6*p + p - 5. Let r(w) be the first derivative of 5*w**2 - w - 2. Calculate r(p).
-11
Suppose -4*r + 12 = -0*r - m, r = 4*m + 3. Suppose -2*n = h - r - 2, n - 3*h = 6. Let f(b) be the first derivative of -b**3/3 + 5*b**2/2 - b - 1. Give f(n).
5
Suppose 4*v + 3*i - 39 = 0, 0 = 4*v - 7*i + 3*i - 4. Let h(b) = b - 7. What is h(v)?
-1
Let g(q) be the first derivative of q**5/20 - q**4/3 + q**3/6 + 5*q + 3. Let v(h) be the first derivative of g(h). Give v(3).
-6
Suppose -2*n + 6 = 2. Suppose -n*q + 3*q = 5*c + 10, 0 = 2*q. Let w(m) = -5*m**2 - 2*m - 1. Determine w(c).
-17
Let w(b) = -b**3 - 7*b**2 - 3*b - 1. Let u(k) = 2*k**3 + 8*k**2 + 3*k + 1. Let y(a) = 2*u(a) + 3*w(a). What is y(5)?
-16
Let i be 2*-1 + 1 + 4. Let c(v) = -3*v**2 - v**3 + 2*v + i + v**2 + 0*v**2. Determine c(-3).
6
Let y(v) = -v**3 - 6*v**2 - 5*v + 2. Let j be y(-5). Let s(l) = -1 - l**2 - j*l + 3*l + l + 0*l. Determine s(2).
-1
Suppose 0*t - 4*t = 8. Let a = t + -2. Let u(n) be the third derivative of n**6/120 + n**5/12 + n**4/8 - 5*n**3/6 + 2*n**2. What is u(a)?
-1
Let a(t) = 6*t**2 + 11*t - 5. Let j(r) = r**2 + 2*r - 1. Let s(l) = -2*a(l) + 11*j(l). Give s(-2).
-5
Let s(w) be the first derivative of -w**3/3 + w**2/2 + 6*w + 2. Suppose 0 = -3*o + o. Give s(o).
6
Suppose -k = l - 1, -4*l - 4*k + 6 = l. Let c(m) = -4*m + 1 + l - 3. Calculate c(-2).
8
Let l(h) = -h**2 + 6*h - 3. Let j = -13 - -19. Let z(k) = 1 + 3*k**2 - 2*k - 4*k**2 + j*k. Let a be z(3). What is l(a)?
5
Suppose -4*s + 6 = -s. Suppose -s*t = -t - 12. Suppose 4*u - u - t = 0. Let f(i) = i**2 - 4*i + 3. What is f(u)?
3
Let r(y) = -6*y + 2. Let h(b) = 5*b - 1. Let m(z) = -3*h(z) - 2*r(z). Let q(a) = -a**2 + 4*a - 5. Let d be q(5). Let s be (-12)/d*30/12. Calculate m(s).
-10
Let v(c) = -1 - 4 - c + 6. Suppose 0*w = -2*w + 10. What is v(w)?
-4
Let n be 4/30 + (-28)/(-15). Let s(x) = -2*x**3 - 2*x + 2 + x**3 + 2*x**3. What is s(n)?
6
Let o(w) = 0 + 4 - 9*w + 5*w + 3*w. What is o(-10)?
14
Let z(x) = x**3 - x**2 + x + 4. Let o be z(0). Let b(g) = 3*g - 8*g + o*g. Determine b(-6).
6
Suppose 0 = -3*m + 2 + 4. Suppose -m*f = 3*s + 5 + 5, -4*s + 2*f = -10. Let p(k) = k**2 + k - 6. Give p(s).
-6
Let z be (-1 + 1)*(-1 + 2). Let x(s) = -s**3 - s**2 + 3. Calculate x(z).
3
Let q = 64 + -69. Let d(z) = 3 + 0*z**2 - 4*z + z**2 - 2*z**2. Give d(q).
-2
Let n(q) = -q**2 - 4*q - 4. Let v be n(-4). Let m(p) be the second derivative of 0 - 1/12*p**4 - 3/2*p**2 - 1/2*p**3 - 4*p. Calculate m(v).
-7
Let d(w) = w**2 + 2*w - 5. Let q = -57 + 53. Determine d(q).
3
Let n(g) = -g + 1. Let m be (3/12)/(1/4). Calculate n(m).
0
Let y(l) = 23*l**3 - 7*l**2 - 2*l. Let r(i) = -12*i**3 + 3*i**2 + i. Let k(z) = 9*r(z) + 4*y(z). Determine k(1).
-16
Let t(j) = -j - 1. Let z(p) = 4*p + 20. Let o be z(-7). Determine t(o).
7
Suppose 26 = -5*x + 11. Let u(l) = -l**2 - 3*l + 1. Determine u(x).
1
Suppose -5*h = -8*h + 9. Let c(l) = -l**2 - l + 2. Calculate c(h).
-10
Let c = -11 - -9. Let o(x) = x**3 - x**2 - 1. Let b(z) = 5*z**2 + 3*z + 3. Let n(l) = c*o(l) - b(l). Determine n(-2).
9
Let y be 3 + -1 + -10 - -3. Let s(f) = 2*f + 6. Calculate s(y).
-4
Let g(l) = -l**2 - 5*l + 7. Let k(t) = t**2 + 5*t + 2 + 0*t**2 + t. Let d be k(-4). Determine g(d).
1
Let r(a) = 5*a**2 - a**2 - 3*a**2. Let d(g) = g**3 + 3*g**2 - g - 2. Let o(t) = -d(t) + 3*r(t). Calculate o(2).
-4
Let i(q) = 37*q**2 - 8 + 9*q - 22*q**2 - 16*q**2. Determine i(7).
6
Let c(n) = -n**2 + 11*n + 2. Let p(y) = -y + 1. Let a(m) = c(m) + 3*p(m). Calculate a(7).
12
Let q(k) be the second derivative of -k**4/4 + 4*k. Let l = 0 - -1. What is q(l)?
-3
Let f = -5 + 11. Suppose 0 = -5*v - 1 + f. Let h(z) = z**2 - 2*z + 1. Determine h(v).
0
Let i(z) = 1 - 2 - 5*z + 4*z - 7. Determine i(-5).
-3
Let o(k) be the first derivative of -k**3/3 + 5*k**2 - 44. Give o(7).
21
Let n(y) = 0 - 5*y**2 + 0 + 5*y + 6*y**2. Suppose 3*m - 2*m + 6 = 0. What is n(m)?
6
Let z(f) = -6*f + 4 + 5*f + 4*f - 4*f. Suppose 2*g = 3*s - 0*s, g + 4*s = -11. Give z(g).
7
Suppose 68 = 4*r + 4*o, 0 = 6*r - r + o - 73. Suppose 20 = -4*y + 2*m - 4*m, -4*y - r = 5*m. Let p(f) = f + 10. Determine p(y).
4
Let v(p) = 2*p**3 - 3*p**2 - p + 2. Let z be v(2). Suppose -5*c = -25, 0 = -z*w + 5*c - 2*c + 1. Let j(k) = 7*k - k - 1 - 1 - k**2. Give j(w).
6
Let s be 4*1/(-2) - -9. Let g(t) = -4 - 3 + s*t + 5 + 3. What is g(-1)?
-6
Let d(g) = -7*g**2 + 6. Let c(k) be the first derivative of k**3/3 - k + 7. Let v(y) = 6*c(y) + d(y). What is v(0)?
0
Let i(g) = g**2 + 2*g - 1. Let b = 0 - -2. Let x = b - 4. Calculate i(x).
-1
Let y(q) = -11 + 0*q**2 + q + 8 + q**2. Give y(-4).
9
Let i(c) = 5 - 4 - 2. Let p(l) = 6. Let z(f) = 5*i(f) + p(f). Let t(x) = -x + 6. Let m(d) = t(d) - 4*z(d). Determine m(4).
-2
Let n = 4 + -6. Let v(b) be the second derivative of 0*b**2 + 0 + b + 1/3*b**4 + 1/10*b**5 + 1/2*b**3. Give v(n).
-6
Suppose 2*h - 13 = 3*p, 2*p + 0*h + 27 = 5*h. Let g(f) be the second derivative of 0*f**2 + 0 + 3*f + 1/6*f**3 - 5/12*f**4. Give g(p).
-6
Let c(n) be the third derivative of -n**6/120 - n**5/15 + n**4/6 - n**3/6 + 5*n**2. What is c(-5)?
4
Suppose -5*s + 4 = 3*c - c, 2*s + 8 = -4*c. Suppose r + s = -r. Let q(p) = 3*p + 4 - 5 + 2*p. Give q(r).
-6
Suppose 2*h = 3*z - 6*z - 3, -3*h - 3*z = 0. Suppose h*v - 12 = v. Let l(y) = 2*y - 5. Determine l(v).
7
Let w(o) = -7*o**2 + o - 1. Let g = -7 + 8. Calculate w(g).
-7
Let i(d) = -d. Let c be i(-5). Suppose 4*b + 15 = -c*u, -u - b - 6 + 3 = 0. Let t(w) be the first derivative of -w**2/2 - 